 z be r(-2). Let j(t) = -6*t**2 + 2*t - 1. Give j(z).
-5
Let w(q) be the third derivative of q**7/840 + q**6/90 - q**5/40 + q**4/8 - 23*q**3/6 + 14*q**2. Let z(i) be the first derivative of w(i). Give z(-4).
15
Let z(j) = j**2 - 7*j + 1. Let k be -3*(-1)/1 - 1. Suppose 3*r = -2*u + 61, u - 5*r + k*r = 53. Suppose -4*b = 10 - u. Calculate z(b).
1
Let g(u) be the second derivative of u**7/840 - u**6/72 - u**5/20 + u**4/6 + 4*u**3/3 + 7*u. Let f(i) be the second derivative of g(i). Determine f(6).
4
Suppose -3*c + 11*g + 40 = 6*g, 0 = 2*c - 5*g - 30. Let o(j) = -j**3 + 8*j**2 + 19*j + 19. Give o(c).
9
Let i(y) = y**3 + 9*y**2 - 4*y - 3. Let m(k) = -2*k**3 - 10*k**2 + 5*k + 3. Let n(p) = -3*i(p) - 2*m(p). What is n(5)?
-37
Suppose 0*k + k + 3*r - 26 = 0, 5*k - 142 = -3*r. Suppose 3*t + s - 6*s - k = 0, 3*t + 2*s - 1 = 0. Let a(z) = t*z + z + 6 - 2*z - z. What is a(0)?
6
Let b be 5*(-32)/20 - -12. Let w(p) = -p**3 + 9*p**2 - 16*p - 2. Determine w(b).
14
Suppose -4*q + 2*p + 74 = 0, 0 = 2*q - p - p - 42. Suppose l + 2*v = 5*l - 64, -v = -l + q. Let i be ((-20)/l)/((-1)/(-4)). Let x(m) = m - 3. Give x(i).
-8
Let v(b) = -b**2 + 5*b + 4. Let q(a) = -5*a + 47. Let p be q(5). Suppose 0 = -w - 3*w - 2*j + p, 4*w - j = 19. What is v(w)?
4
Let l(z) = -z**2 - 5*z - 3. Let x = 14 + -6. Suppose -13*s + x*s = 0. Suppose -4*v - 5*u - 20 = s, -4*v - 3*u + 0 - 20 = 0. Give l(v).
-3
Let g(o) = -5*o**2 + 1 + 0*o**2 - 5 + 11*o + 18 + 6*o**2. What is g(-10)?
4
Let z(o) = -o**2 - 2*o. Let b(v) = 7*v**2 - 7*v + 1. Let t(p) = b(p) - 4*z(p). Let n(f) = f - 5. Let r be n(4). Determine t(r).
11
Let m(o) = -o**3 - 3*o**2 - 2*o - 1. Let i = 23 + 8. Suppose 1 = 5*b + i. Let w be b + 3 - 1 - -1. Determine m(w).
5
Let u(h) = 3*h**2 - h + 2. Let m(k) = -10*k**2 + 26*k - 6. Let q(n) = m(n) + 4*u(n). What is q(-11)?
2
Let i(q) be the second derivative of q**3/6 - 3*q**2 - 13*q. Calculate i(2).
-4
Let j = -384 - -385. Let b(m) = 19*m - 8. Determine b(j).
11
Suppose 4*j + 5*w - 7 = 0, -5*j = -2*w + w + 13. Let a(b) be the third derivative of -b**4/6 - b**3/6 - 3405*b**2. What is a(j)?
7
Let b(w) = 1. Let m(y) = 48*y - 16. Let l(x) = 8*b(x) + m(x). Let c(q) = -7*q + 1. Let v(r) = 20*c(r) + 3*l(r). What is v(4)?
12
Let g(b) be the first derivative of -1/2*b**2 + 7*b + 2. Calculate g(-7).
14
Let t be (28/6 - 1) + (-4)/6. Let y(k) = 2*k - 5 - 4*k**2 + t + k + 33*k**3 - 31*k**3. Let i = 0 + 2. Determine y(i).
4
Let a = 43 - 41. Suppose -a*n = -3*n - 1. Let l(h) = -15*h**2 + h. What is l(n)?
-16
Let o be (3 + -5)/(2/(-6)). Let x = 83 + -54. Let t(g) = 3*g**2 - 30 + x - 6*g - 2*g**2. Determine t(o).
-1
Let u(s) = s**3 + 5*s**2 + s + 1. Suppose 3*x + 1 = -v + 8*x, -3 = -v + 4*x. Let f = v + -14. Suppose 0*z - f*z - 25 = 0. Calculate u(z).
-4
Let o(w) = -2*w - 1. Suppose 4*g - r - 8 = 3*r, -2*r + 2 = 0. Suppose -g*h + h = 2*m - 14, 4*h = 5*m - 26. Let b be 16/m - 4/(-12). What is o(b)?
-7
Let z be (-5)/13*-146 - (-8)/(-52). Let d(w) = -w**3 + 30 - w + 3*w**2 + 30 - 2*w**2 - z. Give d(0).
4
Let c(r) be the second derivative of -r**6/120 - r**5/10 + r**4/12 + 7*r**3/6 - 11*r**2 + 4*r. Let p(y) be the first derivative of c(y). What is p(-6)?
-5
Let h(i) = -2*i**3 + 5*i**2 - i - 2. Let c(q) = -q**3 + 12*q**2 + 12*q + 16. Let m be c(13). Give h(m).
-14
Let b(s) = 2*s - 16. Let o be b(9). Let t(w) = w**3 + 424 - 416 - o*w**3. Determine t(0).
8
Let r(w) be the second derivative of -w**3/3 - 7*w**2/2 - 11*w + 3. What is r(5)?
-17
Let v(s) = -s**2 - 14*s - 6. Let q = 401 + -412. Give v(q).
27
Let l(u) be the second derivative of u**3/3 + 2*u**2 + 257*u. Determine l(-6).
-8
Let f(b) be the third derivative of b**8/6720 + b**7/2520 - b**6/360 - 3*b**5/20 - 7*b**2. Let g(y) be the third derivative of f(y). What is g(-2)?
6
Let q(a) = -3*a**2 + 128*a + 322. Let r be q(45). Let s(v) = 3*v**2 - 7. Let l(o) = -2*o**2 - o + 6. Let b(h) = 4*l(h) + 3*s(h). Determine b(r).
24
Let i = -90 - -93. Let k(q) = 3*q**3 + 14*q**2 - 14*q - 7. Let o(h) = 2*h**3 + 7*h**2 - 7*h - 4. Let x(m) = i*k(m) - 5*o(m). What is x(6)?
-7
Let n(j) = -j**3 + 11*j**2 - 3*j - 11. Suppose 16*b = 119 + 57. What is n(b)?
-44
Let t(w) be the first derivative of w**4/4 + 6*w**3 - 585. What is t(-18)?
0
Let d = -392 + 396. Let u(v) = -v - 4. Let w(l) = 1. Let i(b) = 2*u(b) + 11*w(b). Give i(d).
-5
Let a(q) be the third derivative of -q**6/180 + q**5/40 + q**4/6 + 16*q**2. Let d(m) be the second derivative of a(m). Calculate d(3).
-9
Let p = 3 + -33. Let c = p - -33. Let d(z) = -z**2 - z**3 + 3*z**2 + 3*z**3 - z**c. Give d(-1).
1
Let n(o) = 62*o - 192*o + 71*o - 11 + 61*o. Determine n(8).
5
Suppose -2*w = 18 - 24. Suppose -5*y - 29 = -2*j, 0 = 2*y - 4*j + w - 1. Let x(u) = u**2 + 6*u - 7. What is x(y)?
0
Let c(r) be the first derivative of 0*r**2 + 5*r + 1/4*r**5 + 0*r**4 + 1/6*r**3 - 3. Let p(g) be the first derivative of c(g). What is p(1)?
6
Let z(u) = u**2 - 13*u - 1. Let m(i) = -4*i**2 - 56*i + 13. Let y be m(-14). Determine z(y).
-1
Let x = 2 - -6. Let y(z) = -1641 - 1637 + 10*z - z**2 + 3273. Determine y(x).
11
Let t(c) = c - 38 + 2*c - 36*c + 28*c. Determine t(-6).
-8
Let d be (-12 - (-62)/4)/((-1)/2). Let g(n) = 9 + 8*n**2 - n**3 + 6*n + 3*n + 2*n**3. Calculate g(d).
-5
Let z = 7657/24 + -319. Let r(g) be the third derivative of 0 + 0*g + g**2 - 7/6*g**3 + z*g**4. Determine r(5).
-2
Let m(h) = 3*h + 3. Suppose -4*j = l - 16, -5*j + l - 2*l + 19 = 0. Suppose 3*u = -9, -4 = j*b + 4*u + 17. Give m(b).
-6
Let b(q) = -q**3 - q**2 + q - 9. Let a(j) = j**3 + 36*j**2 + 29*j - 210. Let v be a(-35). Give b(v).
-9
Let k(f) = -f**3 - 16*f**2 + 17*f. Let r be k(-17). Let a be r/(((-8)/6)/(6/9)). Let h(l) = l**3 - l**2 + l + 8. Give h(a).
8
Let k(t) = 839*t**2 - 1674*t**2 - t + t**3 + 5 - t + 839*t**2. Let p be (-1)/(1/4 - 0). Give k(p).
13
Let a(i) = -3*i**3 + 2*i**2 + i. Let z be a(-1). Suppose -o + 5 = z. Let v(q) be the first derivative of -10*q**3/3 + q**2/2 - q - 6. Give v(o).
-10
Let b(j) = -j**3 + 5*j**2 + 18*j - 20. Let f be b(7). Let q(h) = -h**2 + 7*h + 1. Calculate q(f).
-7
Let z(b) = 3*b - 15. Let l be z(6). Suppose 5*d = -4*i + l*i + 15, 0 = 2*i - 5*d + 15. Let x(s) = s**2 + i - 1 + 5 - 4*s - 2. What is x(5)?
7
Let c(y) = -y**3 - 8*y**2 - 8*y - 7. Let k be c(-7). Suppose k + 30 = 5*h. Let o(a) = -a. Give o(h).
-6
Let p(c) = -c**2 - 8*c + 20. Let l be p(-10). Let h(q) be the third derivative of q**5/60 - q**3/6 - 3*q**2. Give h(l).
-1
Suppose -3*n - 6 + 21 = 0. Let y be n/((-20)/1068) + -1. Let o be (-4)/(-26) + y/52. Let g(b) = b**3 + 4*b**2 - 7*b - 6. What is g(o)?
4
Let x be ((-16 - -14) + 8)/(2 + 1). Let y(i) = 2*i - 2*i + i - 2. Give y(x).
0
Let v(q) = -16 - 262*q**2 + 8*q - 251*q**2 + 505*q**2 + q**3. Determine v(7).
-9
Let g(q) = -2*q - 41. Let j be g(-27). Let s(c) = -4 - 18*c + 4*c + j*c. Calculate s(-6).
2
Let q(z) = 3*z**2 - 9*z - 8. Let g(x) = -x**2 + 2*x + 2. Let m be g(3). Let y(t) = t**2 - t - 1. Let w(n) = m*q(n) + 4*y(n). Determine w(-5).
4
Let k be 1 + 8/5 + (-102)/170. Let s(x) = 6 + 6*x - 5 + 27*x**2 - 26*x**k. Determine s(-4).
-7
Let b(z) = z**2 - z. Let g be b(0). Let t be g/(-2 + -1 + 2 + 2). Let k(m) = m + 1. What is k(t)?
1
Let o(i) = -i - 1. Let y = -35 + 33. Let a = y - 4. Determine o(a).
5
Let f(k) = -k**2 + 11*k + 34. Suppose 3*b + 5 = u + 1, -2*u + 38 = 4*b. Determine f(u).
8
Let j(f) = -6*f + 19. Let h be j(4). Let d(t) = -t - 17. Determine d(h).
-12
Let q be (-2 - (-42)/24) + (-702)/72. Let z(r) be the third derivative of r**5/60 + 11*r**4/24 - r**3/2 + r**2. Give z(q).
-13
Let x(i) = 127 - i**3 + 8*i**2 - 46 - 6*i - 44 - 41. Determine x(7).
3
Let u(t) = 0*t - 2*t + 1 + t. Let d be 1*13/(26/44). Suppose -k + 26 = d. What is u(k)?
-3
Let p(n) = -39*n + 2. Let s be p(3). Let r be (-207)/s + (-1)/(-5). Let t(b) = -3*b**r + b - 2*b - 1 + 3*b + 4*b**2. Calculate t(-3).
2
Let t(z) = -13*z**3 + 6*z**2 + 12*z - 15. Let q(u) = 37*u**3 - 18*u**2 - 35*u + 44. Let j(s) = -6*q(s) - 17*t(s). Calculate j(7).
-16
Let z(o) be the third derivative of 0 + 1/12*o**4 - 3/20*o**5 + 7*o**2 - 4/3*o**3 + 1/120*o**6 + 0*o. Determine z(9).
10
Let i(o) = -39*o - 9. Let b(y) = -14*y - 3. Let h(f) = -11*b(f) + 4*i(f). Give h(-3).
3
Let f(b) = -b**2 - 8*b - 2. Let w = -30 - -24. Let q = w + -2. What is f(q)?
-2
Let q(u) = -u + 2 - 